{"id":1354,"date":"2026-04-30T17:49:23","date_gmt":"2026-04-30T15:49:23","guid":{"rendered":"https:\/\/mazorca.art\/?page_id=1354"},"modified":"2026-04-30T17:49:57","modified_gmt":"2026-04-30T15:49:57","slug":"nuestro-equipo","status":"publish","type":"page","link":"https:\/\/mazorca.art\/?page_id=1354","title":{"rendered":"nuestro equipo"},"content":{"rendered":"\n<div class=\"wp-block-group\"><div class=\"wp-block-group__inner-container is-layout-constrained wp-block-group-is-layout-constrained\">\n<h2 class=\"wp-block-heading\"><strong>Johann Bonilla<\/strong><\/h2>\n\n\n\n<figure class=\"wp-block-image size-large is-resized\"><img fetchpriority=\"high\" decoding=\"async\" width=\"1024\" height=\"1024\" src=\"https:\/\/mazorca.art\/wp-content\/uploads\/2026\/04\/Photo-Johann-1024x1024.jpg\" alt=\"\" class=\"wp-image-1355\" style=\"width:431px;height:auto\" srcset=\"https:\/\/mazorca.art\/wp-content\/uploads\/2026\/04\/Photo-Johann-1024x1024.jpg 1024w, https:\/\/mazorca.art\/wp-content\/uploads\/2026\/04\/Photo-Johann-300x300.jpg 300w, https:\/\/mazorca.art\/wp-content\/uploads\/2026\/04\/Photo-Johann-150x150.jpg 150w, https:\/\/mazorca.art\/wp-content\/uploads\/2026\/04\/Photo-Johann-768x768.jpg 768w, https:\/\/mazorca.art\/wp-content\/uploads\/2026\/04\/Photo-Johann-1536x1536.jpg 1536w, https:\/\/mazorca.art\/wp-content\/uploads\/2026\/04\/Photo-Johann-100x100.jpg 100w, https:\/\/mazorca.art\/wp-content\/uploads\/2026\/04\/Photo-Johann-1320x1320.jpg 1320w, https:\/\/mazorca.art\/wp-content\/uploads\/2026\/04\/Photo-Johann.jpg 1920w\" sizes=\"(max-width: 767px) 89vw, (max-width: 1000px) 54vw, (max-width: 1071px) 543px, 580px\" \/><\/figure>\n\n\n\n<p class=\"has-text-align-left\">Curador e investigador nicarag\u00fcense, Johann es co-director de la plataforma de arte centroamericano&nbsp;Cubobarro e investigador por el Museum of Central American Art de Delray Beach, Florida. Su trayectoria incluye la direcci\u00f3n&nbsp;de galer\u00edas, de colecciones de arte privadas y de proyectos culturales multidisciplinarios, as\u00ed como la coordinaci\u00f3n cultural de la Alianza Francesa de Managua. Actualmente cursa una&nbsp;maestr\u00eda en estudios curatoriales en la Universit\u00e9 Polytechnique Hauts-de-France, en Valenciennes.<\/p>\n<\/div><\/div>\n\n\n\n<div class=\"wp-block-group\"><div class=\"wp-block-group__inner-container is-layout-constrained wp-block-group-is-layout-constrained\">\n<h2 class=\"wp-block-heading\"><strong>Pilar de Soledad<\/strong><\/h2>\n\n\n\n<figure class=\"wp-block-image size-large is-resized\"><img decoding=\"async\" width=\"683\" height=\"1024\" src=\"https:\/\/mazorca.art\/wp-content\/uploads\/2026\/04\/Photo-Pilar-683x1024.jpg\" alt=\"\" class=\"wp-image-1356\" style=\"width:305px;height:auto\" srcset=\"https:\/\/mazorca.art\/wp-content\/uploads\/2026\/04\/Photo-Pilar-683x1024.jpg 683w, https:\/\/mazorca.art\/wp-content\/uploads\/2026\/04\/Photo-Pilar-200x300.jpg 200w, https:\/\/mazorca.art\/wp-content\/uploads\/2026\/04\/Photo-Pilar-768x1151.jpg 768w, https:\/\/mazorca.art\/wp-content\/uploads\/2026\/04\/Photo-Pilar-1025x1536.jpg 1025w, https:\/\/mazorca.art\/wp-content\/uploads\/2026\/04\/Photo-Pilar-1320x1979.jpg 1320w, https:\/\/mazorca.art\/wp-content\/uploads\/2026\/04\/Photo-Pilar.jpg 1366w\" sizes=\"(max-width: 683px) 100vw, 683px\" \/><\/figure>\n\n\n\n<p>Profesional de la imagen y la documentaci\u00f3n, Pilar trabaja en la intersecci\u00f3n entre archivos, derechos de autor y valorizaci\u00f3n cultural, con experiencia en museos, fundaciones (Fondation Cartier, Par\u00eds), ense\u00f1anza superior, fototecas y galer\u00edas (Galer\u00eda 9.99, Guatemala). Tras licenciarse en Letras Cl\u00e1sicas de Sorbonne Universit\u00e9 obtuvo tambi\u00e9n una maestr\u00eda en Gesti\u00f3n de Patrimonio Cultural.<\/p>\n<\/div><\/div>\n\n\n\n<p><\/p>\n","protected":false},"excerpt":{"rendered":"<p>Johann Bonilla Curador e investigador nicarag\u00fcense, Johann es co-director de la plataforma de arte centroamericano&nbsp;Cubobarro e investigador por el Museum of Central American Art de Delray Beach, Florida. Su trayectoria incluye la direcci\u00f3n&nbsp;de galer\u00edas, de colecciones de arte privadas y de proyectos culturales multidisciplinarios, as\u00ed como la coordinaci\u00f3n cultural de la Alianza Francesa de Managua. &hellip; <\/p>\n<p class=\"link-more\"><a href=\"https:\/\/mazorca.art\/?page_id=1354\" class=\"more-link\">Continue reading<span class=\"screen-reader-text\"> &#8220;nuestro equipo&#8221;<\/span><\/a><\/p>\n","protected":false},"author":1,"featured_media":0,"parent":0,"menu_order":0,"comment_status":"closed","ping_status":"closed","template":"","meta":{"give_campaign_id":0,"footnotes":""},"class_list":["post-1354","page","type-page","status-publish","hentry"],"campaignId":"","_links":{"self":[{"href":"https:\/\/mazorca.art\/index.php?rest_route=\/wp\/v2\/pages\/1354","targetHints":{"allow":["GET"]}}],"collection":[{"href":"https:\/\/mazorca.art\/index.php?rest_route=\/wp\/v2\/pages"}],"about":[{"href":"https:\/\/mazorca.art\/index.php?rest_route=\/wp\/v2\/types\/page"}],"author":[{"embeddable":true,"href":"https:\/\/mazorca.art\/index.php?rest_route=\/wp\/v2\/users\/1"}],"replies":[{"embeddable":true,"href":"https:\/\/mazorca.art\/index.php?rest_route=%2Fwp%2Fv2%2Fcomments&post=1354"}],"version-history":[{"count":4,"href":"https:\/\/mazorca.art\/index.php?rest_route=\/wp\/v2\/pages\/1354\/revisions"}],"predecessor-version":[{"id":1364,"href":"https:\/\/mazorca.art\/index.php?rest_route=\/wp\/v2\/pages\/1354\/revisions\/1364"}],"wp:attachment":[{"href":"https:\/\/mazorca.art\/index.php?rest_route=%2Fwp%2Fv2%2Fmedia&parent=1354"}],"curies":[{"name":"wp","href":"https:\/\/api.w.org\/{rel}","templated":true}]}}

<div class="wp-block-group"><div class="wp-block-group__inner-container is-layout-constrained wp-block-group-is-layout-constrained">
<h2 class="wp-block-heading"><strong>Johann Bonilla</strong></h2>



<figure class="wp-block-image size-large is-resized"><img fetchpriority="high" decoding="async" width="1024" height="1024" src="https://mazorca.art/wp-content/uploads/2026/04/Photo-Johann-1024x1024.jpg" alt="" class="wp-image-1355" style="width:431px;height:auto" srcset="https://mazorca.art/wp-content/uploads/2026/04/Photo-Johann-1024x1024.jpg 1024w, https://mazorca.art/wp-content/uploads/2026/04/Photo-Johann-300x300.jpg 300w, https://mazorca.art/wp-content/uploads/2026/04/Photo-Johann-150x150.jpg 150w, https://mazorca.art/wp-content/uploads/2026/04/Photo-Johann-768x768.jpg 768w, https://mazorca.art/wp-content/uploads/2026/04/Photo-Johann-1536x1536.jpg 1536w, https://mazorca.art/wp-content/uploads/2026/04/Photo-Johann-100x100.jpg 100w, https://mazorca.art/wp-content/uploads/2026/04/Photo-Johann-1320x1320.jpg 1320w, https://mazorca.art/wp-content/uploads/2026/04/Photo-Johann.jpg 1920w" sizes="(max-width: 767px) 89vw, (max-width: 1000px) 54vw, (max-width: 1071px) 543px, 580px" /></figure>



<p class="has-text-align-left">Curador e investigador nicaragüense, Johann es co-director de la plataforma de arte centroamericano&nbsp;Cubobarro e investigador por el Museum of Central American Art de Delray Beach, Florida. Su trayectoria incluye la dirección&nbsp;de galerías, de colecciones de arte privadas y de proyectos culturales multidisciplinarios, así como la coordinación cultural de la Alianza Francesa de Managua. Actualmente cursa una&nbsp;maestría en estudios curatoriales en la Université Polytechnique Hauts-de-France, en Valenciennes.</p>
</div></div>



<div class="wp-block-group"><div class="wp-block-group__inner-container is-layout-constrained wp-block-group-is-layout-constrained">
<h2 class="wp-block-heading"><strong>Pilar de Soledad</strong></h2>



<figure class="wp-block-image size-large is-resized"><img decoding="async" width="683" height="1024" src="https://mazorca.art/wp-content/uploads/2026/04/Photo-Pilar-683x1024.jpg" alt="" class="wp-image-1356" style="width:305px;height:auto" srcset="https://mazorca.art/wp-content/uploads/2026/04/Photo-Pilar-683x1024.jpg 683w, https://mazorca.art/wp-content/uploads/2026/04/Photo-Pilar-200x300.jpg 200w, https://mazorca.art/wp-content/uploads/2026/04/Photo-Pilar-768x1151.jpg 768w, https://mazorca.art/wp-content/uploads/2026/04/Photo-Pilar-1025x1536.jpg 1025w, https://mazorca.art/wp-content/uploads/2026/04/Photo-Pilar-1320x1979.jpg 1320w, https://mazorca.art/wp-content/uploads/2026/04/Photo-Pilar.jpg 1366w" sizes="(max-width: 683px) 100vw, 683px" /></figure>



<p>Profesional de la imagen y la documentación, Pilar trabaja en la intersección entre archivos, derechos de autor y valorización cultural, con experiencia en museos, fundaciones (Fondation Cartier, París), enseñanza superior, fototecas y galerías (Galería 9.99, Guatemala). Tras licenciarse en Letras Clásicas de Sorbonne Université obtuvo también una maestría en Gestión de Patrimonio Cultural.</p>
</div></div>



<p></p>

<p>Johann Bonilla Curador e investigador nicaragüense, Johann es co-director de la plataforma de arte centroamericano&nbsp;Cubobarro e investigador por el Museum of Central American Art de Delray Beach, Florida. Su trayectoria incluye la dirección&nbsp;de galerías, de colecciones de arte privadas y de proyectos culturales multidisciplinarios, así como la coordinación cultural de la Alianza Francesa de Managua. &hellip; </p>
<p class="link-more"><a href="https://mazorca.art/?page_id=1354" class="more-link">Continue reading<span class="screen-reader-text"> &#8220;nuestro equipo&#8221;</span></a></p>
