{"id":725,"date":"2025-01-02T19:44:16","date_gmt":"2025-01-02T18:44:16","guid":{"rendered":"https:\/\/mazorca.art\/?page_id=725"},"modified":"2025-11-11T12:58:27","modified_gmt":"2025-11-11T11:58:27","slug":"elementor-725","status":"publish","type":"page","link":"https:\/\/mazorca.art\/?page_id=725","title":{"rendered":"Cecilia Porras Sa\u00e9nz"},"content":{"rendered":"\n<p>Residenta abril &#8211; julio2023<\/p>\n\n\n<div class=\"wp-block-image\">\n<figure class=\"alignleft is-resized\"><img decoding=\"async\" src=\"https:\/\/mazorca.art\/wp-content\/uploads\/2025\/01\/01-1.png\" alt=\"\" style=\"width:143px;height:auto\"\/><\/figure><\/div>\n\n\n<h2 class=\"wp-block-heading\">Cecilia Porras Sa\u00e9nz<\/h2>\n\n\n\n<p>Cecilia Porras S\u00e1enz (Guatemala-M\u00e9xico, 1979), tambi\u00e9n conocida como \u201cL\u00eda\u201d, es una artista guatemalteca que comenz\u00f3 su formaci\u00f3n art\u00edstica en danza y pintura desde su infancia en M\u00e9xico, tras el exilio de su familia. Se form\u00f3 de manera autodidacta en las artes visuales y curs\u00f3 la licenciatura en Arte Dram\u00e1tico en la Escuela Superior de Arte de la Universidad de San Carlos. Su trabajo se caracteriza por la multidisciplinariedad, abordando diversas disciplinas como la pintura, instalaci\u00f3n, performance, teatro, actuaci\u00f3n, fotograf\u00eda y creaci\u00f3n de vestuario, entre otros.<\/p>\n\n\n\n<p>A lo largo de m\u00e1s de 20 a\u00f1os de trayectoria, Cecilia ha explorado diferentes medios y herramientas, enfoc\u00e1ndose en la expresi\u00f3n sensorial y la experimentaci\u00f3n. Su obra ha sido expuesta en importantes espacios como el Museo de Arte Moderno Juannio, el Instituto Guatemalteco Americano IGA, la Galer\u00eda Extra, Artecentro Paiz, FOTO 30 2012, Osmosis y la ERRE, entre otros. Tambi\u00e9n ha tenido exposiciones en M\u00e9xico, Espa\u00f1a y actualmente forma parte de la plataforma Artistas Latinas con sede en Brasil.<\/p>\n\n\n\n<p>En 2023, Cecilia fue seleccionada para una residencia art\u00edstica en Par\u00eds, tras ganar la beca de la plataforma MAZORCA. Su trabajo teatral tambi\u00e9n ha sido reconocido internacionalmente y se ha presentado en pa\u00edses como Guatemala, M\u00e9xico, El Salvador, Honduras y Colombia. Un proyecto destacado en su carrera es la instalaci\u00f3n-performance \u201cJARD\u00cdN\u201d, que refleja su inter\u00e9s por la interacci\u00f3n entre arte y naturaleza, presentada en Antigua Guatemala.<\/p>\n\n\n\n<p>La artista contin\u00faa desarrollando su carrera en Guatemala, y su pr\u00e1ctica se distingue por su capacidad para habitar m\u00faltiples disciplinas y crear obras que invitan a la reflexi\u00f3n y al di\u00e1logo entre diferentes formas de expresi\u00f3n.<\/p>\n\n\n\n<figure class=\"wp-block-gallery has-nested-images columns-default is-cropped wp-block-gallery-1 is-layout-flex wp-block-gallery-is-layout-flex\"><\/figure>\n","protected":false},"excerpt":{"rendered":"<p>Residenta abril &#8211; julio2023 Cecilia Porras Sa\u00e9nz Cecilia Porras S\u00e1enz (Guatemala-M\u00e9xico, 1979), tambi\u00e9n conocida como \u201cL\u00eda\u201d, es una artista guatemalteca que comenz\u00f3 su formaci\u00f3n art\u00edstica en danza y pintura desde su infancia en M\u00e9xico, tras el exilio de su familia. Se form\u00f3 de manera autodidacta en las artes visuales y curs\u00f3 la licenciatura en Arte &hellip; <\/p>\n<p class=\"link-more\"><a href=\"https:\/\/mazorca.art\/?page_id=725\" class=\"more-link\">Continue reading<span class=\"screen-reader-text\"> &#8220;Cecilia Porras Sa\u00e9nz&#8221;<\/span><\/a><\/p>\n","protected":false},"author":1,"featured_media":0,"parent":67,"menu_order":1,"comment_status":"closed","ping_status":"closed","template":"","meta":{"give_campaign_id":0,"footnotes":""},"class_list":["post-725","page","type-page","status-publish","hentry"],"campaignId":"","_links":{"self":[{"href":"https:\/\/mazorca.art\/index.php?rest_route=\/wp\/v2\/pages\/725","targetHints":{"allow":["GET"]}}],"collection":[{"href":"https:\/\/mazorca.art\/index.php?rest_route=\/wp\/v2\/pages"}],"about":[{"href":"https:\/\/mazorca.art\/index.php?rest_route=\/wp\/v2\/types\/page"}],"author":[{"embeddable":true,"href":"https:\/\/mazorca.art\/index.php?rest_route=\/wp\/v2\/users\/1"}],"replies":[{"embeddable":true,"href":"https:\/\/mazorca.art\/index.php?rest_route=%2Fwp%2Fv2%2Fcomments&post=725"}],"version-history":[{"count":20,"href":"https:\/\/mazorca.art\/index.php?rest_route=\/wp\/v2\/pages\/725\/revisions"}],"predecessor-version":[{"id":1266,"href":"https:\/\/mazorca.art\/index.php?rest_route=\/wp\/v2\/pages\/725\/revisions\/1266"}],"up":[{"embeddable":true,"href":"https:\/\/mazorca.art\/index.php?rest_route=\/wp\/v2\/pages\/67"}],"wp:attachment":[{"href":"https:\/\/mazorca.art\/index.php?rest_route=%2Fwp%2Fv2%2Fmedia&parent=725"}],"curies":[{"name":"wp","href":"https:\/\/api.w.org\/{rel}","templated":true}]}}