{"id":754,"date":"2025-01-02T22:14:10","date_gmt":"2025-01-02T21:14:10","guid":{"rendered":"https:\/\/mazorca.art\/?page_id=754"},"modified":"2025-11-11T13:01:24","modified_gmt":"2025-11-11T12:01:24","slug":"elementor-754","status":"publish","type":"page","link":"https:\/\/mazorca.art\/?page_id=754","title":{"rendered":"Biograf\u00eda Celeste Mayorga Urbina"},"content":{"rendered":"\n<p>Residenta julio &#8211; octubre 2024<\/p>\n\n\n<p><img fetchpriority=\"high\" decoding=\"async\" class=\"alignleft\" src=\"https:\/\/mazorca.art\/wp-content\/uploads\/2025\/01\/Mayorga-e1735853296748.png\" sizes=\"100vw\" srcset=\"https:\/\/mazorca.art\/wp-content\/uploads\/2025\/01\/Mayorga-e1735853296748.png 431w, https:\/\/mazorca.art\/wp-content\/uploads\/2025\/01\/Mayorga-e1735853296748-242x300.png 242w\" alt=\"\" width=\"218\" height=\"271\" \/><\/p>\n<p>\u00a0<\/p>\n<p>\u00a0<\/p>\n<p>\u00a0<\/p>\n<p>\u00a0<\/p>\n<p>\u00a0<\/p>\n<p>\u00a0<\/p>\n<p>Celeste Mayorga, nacida en Iximulew, Guatemala, es una destacada artista visual, fotoperiodista, investigadora decolonial, terapeuta transpersonal y soci\u00f3loga de profesi\u00f3n. Como mestiza-maya q&#8217;eqchi poqomchi, su pr\u00e1ctica art\u00edstica se nutre de la cosmovisi\u00f3n maya y una perspectiva comunitaria feminista, abarcando diversas disciplinas como performance, instalaci\u00f3n y video performance.<\/p>\n\n\n<p>En 2024, Celeste fue seleccionada para la segunda edici\u00f3n de la Beca MAZORCA, lo que le permiti\u00f3 realizar una residencia art\u00edstica en la Cit\u00e9 Internationale des Arts en Par\u00eds, Francia. Durante esta experiencia, desarroll\u00f3 la propuesta de investigaci\u00f3n art\u00edstica visual titulada \u201cNO FUE JUSTO\u201d, un proyecto multidimensional que incluy\u00f3 talleres terap\u00e9uticos en tres idiomas, open studio, investigaci\u00f3n de campo, conversatorios y una exposici\u00f3n fotogr\u00e1fica. Adem\u00e1s, cre\u00f3 la serie de talleres &#8220;Sanar Nuestro Coraz\u00f3n, nuestro Ch&#8217;ool&#8221;, que invita a la sanaci\u00f3n colectiva a trav\u00e9s de pr\u00e1cticas art\u00edsticas y espirituales, enfoc\u00e1ndose en la justicia y el g\u00e9nero.<\/p>\n\n\n\n<p>Celeste ha trabajado como traductora y ha colaborado en la adaptaci\u00f3n al espa\u00f1ol de textos como &#8220;Bruja de Sangre&#8221; de May Freighter. Su compromiso con la comunicaci\u00f3n alternativa, la memoria hist\u00f3rica y la prevenci\u00f3n de la violencia la ha llevado a desempe\u00f1arse como terapeuta comunitaria. En este rol, acompa\u00f1a procesos de sanaci\u00f3n para mujeres y personas sobrevivientes de violencia sexual, promoviendo adem\u00e1s la defensa del territorio en Guatemala, Abya Yala y Europa.<\/p>\n\n\n\n<p>Con m\u00e1s de 17 a\u00f1os de experiencia en comunicaci\u00f3n alternativa y gesti\u00f3n cultural, Celeste combina su labor con su experiencia como tallerista comunitaria y terapeuta transpersonal. Su enfoque integral hace de su pr\u00e1ctica una contribuci\u00f3n significativa al arte contempor\u00e1neo y al tejido social desde una mirada decolonial y ancestral.<\/p>\n\n\n\n<p><\/p>\n","protected":false},"excerpt":{"rendered":"<p>Residenta julio &#8211; octubre 2024 \u00a0 \u00a0 \u00a0 \u00a0 \u00a0 \u00a0 Celeste Mayorga, nacida en Iximulew, Guatemala, es una destacada artista visual, fotoperiodista, investigadora decolonial, terapeuta transpersonal y soci\u00f3loga de profesi\u00f3n. Como mestiza-maya q&#8217;eqchi poqomchi, su pr\u00e1ctica art\u00edstica se nutre de la cosmovisi\u00f3n maya y una perspectiva comunitaria feminista, abarcando diversas disciplinas como performance, instalaci\u00f3n &hellip; <\/p>\n<p class=\"link-more\"><a href=\"https:\/\/mazorca.art\/?page_id=754\" class=\"more-link\">Continue reading<span class=\"screen-reader-text\"> &#8220;Biograf\u00eda Celeste Mayorga Urbina&#8221;<\/span><\/a><\/p>\n","protected":false},"author":1,"featured_media":0,"parent":67,"menu_order":2,"comment_status":"closed","ping_status":"closed","template":"","meta":{"give_campaign_id":0,"footnotes":""},"class_list":["post-754","page","type-page","status-publish","hentry"],"campaignId":"","_links":{"self":[{"href":"https:\/\/mazorca.art\/index.php?rest_route=\/wp\/v2\/pages\/754","targetHints":{"allow":["GET"]}}],"collection":[{"href":"https:\/\/mazorca.art\/index.php?rest_route=\/wp\/v2\/pages"}],"about":[{"href":"https:\/\/mazorca.art\/index.php?rest_route=\/wp\/v2\/types\/page"}],"author":[{"embeddable":true,"href":"https:\/\/mazorca.art\/index.php?rest_route=\/wp\/v2\/users\/1"}],"replies":[{"embeddable":true,"href":"https:\/\/mazorca.art\/index.php?rest_route=%2Fwp%2Fv2%2Fcomments&post=754"}],"version-history":[{"count":31,"href":"https:\/\/mazorca.art\/index.php?rest_route=\/wp\/v2\/pages\/754\/revisions"}],"predecessor-version":[{"id":1270,"href":"https:\/\/mazorca.art\/index.php?rest_route=\/wp\/v2\/pages\/754\/revisions\/1270"}],"up":[{"embeddable":true,"href":"https:\/\/mazorca.art\/index.php?rest_route=\/wp\/v2\/pages\/67"}],"wp:attachment":[{"href":"https:\/\/mazorca.art\/index.php?rest_route=%2Fwp%2Fv2%2Fmedia&parent=754"}],"curies":[{"name":"wp","href":"https:\/\/api.w.org\/{rel}","templated":true}]}}